s of s(g)?
2, 3
List the prime factors of 7/(-14) - (-51)/2.
5
Let z = -4 - -8. Suppose -z*n = -d - 26, -90 = 5*d - 4*n + 40. What are the prime factors of (d/8)/(1/(-4))?
13
Let o be (14/3)/(4/6). List the prime factors of o/((-3)/(-6)*1).
2, 7
Let k = 1 - -1. Suppose 4*g - 9 + 0 = u, 3*g = 5*u + 11. Let d = k - u. List the prime factors of d.
3
Let y(p) = -p**2 + 12*p + 4. Let n be y(13). Let u = n - -20. List the prime factors of u.
11
Let w = -105 + 172. What are the prime factors of w?
67
Let o(n) = n**3 + 13*n**2 - 11*n - 1. What are the prime factors of o(-13)?
2, 71
Let q be (-4)/10 + (-4)/(-10). Suppose 4*v + 5*n - 1 - 40 = q, v - 2*n = -6. Suppose -i + v = -0. List the prime factors of i.
2
Let x be (-22)/(-8) - (-7)/28. Let u be x/(-6)*4*-1. List the prime factors of (-2)/u*(0 + -7).
7
Suppose 0 = -6*o + 445 + 167. List the prime factors of o.
2, 3, 17
Let h = -3 + 7. Suppose h*v + 0*v = -28. Let y = 24 + v. List the prime factors of y.
17
Let q(t) = 2*t + 2. Let a be 6/14 + (-128)/(-28). List the prime factors of q(a).
2, 3
Let z = 7 - 5. Suppose z*j - 57 = -7. List the prime factors of j.
5
What are the prime factors of (12 - -2)*10/7?
2, 5
Let o(z) = z**2 - 4*z - 8. Let g be o(6). Suppose -6 = -a + g. List the prime factors of a.
2, 5
Suppose 5 - 120 = -y. What are the prime factors of y?
5, 23
Let v = 171 - 108. What are the prime factors of v?
3, 7
Suppose 3*z + p = 49, -5*z - 4*p + 65 = p. List the prime factors of z.
2, 3
Let m(y) = -4*y - 5. Let s(f) = -1. Let r(j) = -j**2 - 9*j - 1. Let h(c) = r(c) + 5*s(c). Let x be h(-9). What are the prime factors of m(x)?
19
Suppose 5*c - c = 2*m - 38, -21 = -3*m - 3*c. List the prime factors of m.
11
Let a(b) = -4*b - 9. Let f be a(-6). Suppose 0 = -m + 4*m - f. What are the prime factors of (m/4)/((-1)/(-8))?
2, 5
Suppose 2*i + u = 20, -5*i + 0 = -4*u - 63. Let r = -8 + i. Suppose -10 = -r*y - 1. What are the prime factors of y?
3
Let b(q) = 2*q**2 + 2*q - 4. Let k be b(2). Let r = k - -22. List the prime factors of r.
2, 3, 5
Let c be (-8)/12 + 24/9. Suppose -3*t = n - 3, 3 = c*n + 5*t - 7. List the prime factors of n.
3, 5
Let l(x) = -x**3 - 4*x**2 - 4*x - 6. Let p be l(-4). Let c be (-5)/p*1*-10. Suppose -c*j + 26 = -3*j. List the prime factors of j.
13
Let i be (0 - 8)/(4/14). Let u be i/6*(-12)/8. Let r = u - 4. What are the prime factors of r?
3
Let t(s) = -s - 4. Let v be t(-6). Let n = -5 - v. Let x(f) = -f**3 - 6*f**2 + 7*f + 4. List the prime factors of x(n).
2
Let b(c) = c**2 - 6*c - 4. Suppose -7 = 2*u - 3*u. Let w be b(u). Suppose -2*t - 4*q = -5*q - 41, w*q - 45 = -2*t. List the prime factors of t.
3, 7
Let t(a) = -4 + 0*a - 4*a**2 + 11*a + 3*a**2 + 1. What are the prime factors of t(9)?
3, 5
Let r = 130 - 85. What are the prime factors of r?
3, 5
What are the prime factors of (-1713)/(-6) + 1/((-2)/3)?
2, 71
Let l(d) = -d**3 - 5*d**2 + 16*d - 13. What are the prime factors of l(-9)?
167
List the prime factors of ((-1)/(-3) + (-12)/9)*-17.
17
Suppose 5*f = 2*a + 20 + 1, -5*f - 3*a + 31 = 0. Suppose -p = -f*p + 5*x + 39, 0 = 3*p - x - 21. What are the prime factors of p?
2, 3
Suppose -6*f + 282 = 78. What are the prime factors of f?
2, 17
Let i be 1*(-25)/(-2)*-2. Let h = i - -37. List the prime factors of h.
2, 3
Suppose -5*y + 208 - 8 = 4*d, -4*y = -5*d + 250. List the prime factors of d.
2, 5
Let q be (-4)/5*15/(-6). Suppose -2*t - 3*t = -5*j + 40, q*j + 12 = -2*t. Let r(y) = y**3 + 7*y**2 + y + 9. What are the prime factors of r(t)?
2
Suppose -u - 18 = -4*u. What are the prime factors of u?
2, 3
Suppose 3*v + 5*r = -155, -3*v + 3*r - 5*r = 170. Let d = 6 - v. Suppose -5*o + d + 34 = 0. List the prime factors of o.
2, 5
Suppose -3*h - 141 - 148 = -4*j, -5*j + 3*h + 362 = 0. List the prime factors of j.
73
Suppose 3*a = 4*b - 26, -2*a + 3 = -2*b + 17. Let u = 8 - b. List the prime factors of (13/u)/(1/3).
13
Let h(f) = -f**3 + 8*f**2 + 9*f. Let b be h(9). Suppose b = 5*y - 2*j - 137, -y = -0*y + 4*j - 45. List the prime factors of y.
29
Let x(u) = -6*u**3 - 6*u**2 - 2*u + 1. List the prime factors of x(-3).
5, 23
Suppose -m - 4*m + 109 = -2*s, -s = 3*m - 61. List the prime factors of m.
3, 7
List the prime factors of -3*10/15 + 213.
211
Suppose -5*l + 13 = -22. List the prime factors of (l + -2)*(-1 - -2).
5
Let g be (-1 - 0)/(3/21). Let w(b) = -b + 6. What are the prime factors of w(g)?
13
Let i(u) = 24*u**3 - u**2 + u + 1. Let n be i(-1). Let s = -4 - n. List the prime factors of s.
3, 7
Suppose 5*o = -5*s + 299 + 551, -3*o + 9 = 0. What are the prime factors of s?
167
Let n = 148 - 103. Suppose -3*f + w + 17 = 0, -3 + 33 = 5*f - 2*w. Suppose -f*x - x = -n. What are the prime factors of x?
3
Let l = 5 - 1. Suppose 5*k - 3 = 5*j + 2, -l*k + 22 = 2*j. What are the prime factors of k?
2
Let k(y) = 3*y - 5*y**3 + 4 + 5*y**2 + 4*y**3 - 4 + 5. Let s be k(5). What are the prime factors of (6 + s)*2/4?
13
Suppose -5*q - 22 = -x, 2*q - 10 = -2*x - 2. Let m = -4 + x. List the prime factors of 1 + -2 + m - -3.
5
Suppose 5*u + 2*b - 341 = 0, 3*b - 350 = -5*u - 2*b. What are the prime factors of u?
67
Let f be (-19)/(3 + -4 + 0). Let s = 21 + f. What are the prime factors of s?
2, 5
Suppose -3*q + 7*q = 0. Suppose q = 6*s - 3*s - 4*m - 28, 5*s - 64 = -2*m. Suppose 2*f = 4*g - 38, s = 3*f + f. What are the prime factors of g?
11
Suppose 0 = 3*n - 3*u + 32 - 176, 4*u = 5*n - 242. What are the prime factors of n?
2, 5
Let o = 16 + -3. Suppose -5*n = -0*n - 10. Suppose 0 = -3*w - n*t + o, -3*w + 17 = -2*t. List the prime factors of w.
5
Let f(r) = -r**2 - 6*r + 2. Let x be f(-6). Suppose -x*s + 12 = s. What are the prime factors of s?
2
Let r(p) = p**2 + 7*p + 4. Let k be (2*1)/(10/(-25)). Let y be r(k). List the prime factors of -1 - 21/y*2.
2, 3
Suppose 0 = -2*z - 3 + 19. Let y = 2 + -4. Let q = z - y. List the prime factors of q.
2, 5
Let y be (2 + -9 - -1)*-1. Suppose y*f - 20 = 2*f. List the prime factors of f.
5
Suppose -q = -4*b + 64, 0 = 4*b + 3*q - 48. List the prime factors of b.
3, 5
Suppose -143 + 3 = -5*m. Suppose m + 8 = u. List the prime factors of u.
2, 3
Suppose b + 44 = 10. Let p = -19 - b. What are the prime factors of p?
3, 5
Suppose 3*k - 5*v + 36 = 3, 4*k + 18 = -2*v. What are the prime factors of 18/k*4/(-6)?
2
Let w = 9 + -15. Let r = w - -4. List the prime factors of (2/(-4))/(r/24).
2, 3
Let x(d) = -d**3 - 3*d**2 - d + 1. Let h be x(-3). Suppose -h*s + 0*s = -84. What are the prime factors of s?
3, 7
Suppose -5*v = 4 + 1. What are the prime factors of 2/v + (-55)/(-5)?
3
Let b = -10 + 12. Suppose 3*g - 2*m - b = 0, -3*g + 2*m - 8 = -5*g. List the prime factors of g.
2
Suppose -4*u + 0*l = -l, 0 = -3*u - 3*l + 15. Let s(r) = 1 - r - 2*r + 2*r + 11*r**3 - r**2. What are the prime factors of s(u)?
2, 5
Suppose 4*l + 39 = a, 0*l = 4*a - 5*l - 112. Suppose -4*u = -5*r + 37, 2*r + 2*r - a = u. Let q = -2 + r. What are the prime factors of q?
3
Let c(y) = -21*y**3. List the prime factors of c(-1).
3, 7
Let h be 0/(0/(-3) - -2). Suppose t + 23 + 2 = 2*r, h = 3*r + 2*t - 20. List the prime factors of r.
2, 5
Suppose 181 = 2*j + 5*s, -j + 279 = 2*j + 5*s. List the prime factors of j.
2, 7
Suppose 2*k + 14 = 2*z - z, -4*z + 28 = -k. Suppose -4*m + z = -6. Suppose -b + 6 = -m. List the prime factors of b.
3
Suppose -5*c + 0 + 5 = 0. Suppose 10 = -g + c. Let b(y) = -2*y - 9. What are the prime factors of b(g)?
3
Let w = 2 + 1. Suppose 0 = -3*k - 3*i + 15, 3*k + i = 4*i - w. Suppose -4*d - k = -26. List the prime factors of d.
2, 3
List the prime factors of (12/3 + 65/(-15))*-171.
3, 19
Let p(s) = 19*s - 4. What are the prime factors of p(1)?
3, 5
Suppose -k - a + 29 = 0, 5*a + 88 + 28 = 4*k. List the prime factors of k.
29
Let y = 0 - -3. What are the prime factors of y/4 - 93/(-4)?
2, 3
Let a = -11 + 8. Suppose 0*h + h + 1 = -3*p, 5*h = p + 59. Let o = h + a. What are the prime factors of o?
2
Let b(x) = -x**3 + 5*x**2 - 4*x + 3. What are the prime factors of b(4)?
3
Suppose 10 = 3*f - 17. Suppose -f = -2*q + 4*m + 25, 0 = -5*q + 4*m + 67. List the prime factors of q.
11
List the prime factors of -5*1*(-728)/65.
2, 7
Suppose 18 + 26 = -4*j. What are the prime factors of 2/j - 1887/(-33)?
3, 19
List the prime factors of (1/2*-2)/(1/(-111)).
3, 37
Let a be 6/(-4) + 91